146528 (base 10) to base 15.
2d638
Convert 44ada (base 15) to base 11.
13a146
100232030 (base 4) to base 12
33778
81221 (base 9) to base 10
53398
639696 (base 10) to base 7
5303001
What is 26922a (base 14) in base 10?
1331270
What is 14221222 (base 5) in base 10?
148312
-101000110000100010101 (base 2) to base 12
-544a99
2653303 (base 8) to base 7
6213331
Convert -1514661 (base 7) to base 14.
-54dd8
Convert 7298b (base 14) to base 13.
989ab
-13321201 (base 5) to base 14
-376c1
Convert -6522520 (base 11) to base 7.
-166320022
Convert -106236160 (base 7) to base 3.
-110020221001201
Convert 14443367 (base 8) to base 16.
3246f7
What is -3675561 (base 10) in base 6?
-210440253
-7785659 (base 10) to base 11
-4438532
5617a6 (base 11) to base 3
1200111020210
3a754 (base 11) to base 4
32030123
-13f85 (base 16) to base 6
-1430405
What is -355437 (base 13) in base 12?
-512033
95ba39 (base 13) to base 12
121354b
What is 351573 (base 8) in base 10?
119675
Convert 7407331 (base 8) to base 11.
1126001
-110100100000011100111 (base 2) to base 12
-6ab833
21142403 (base 5) to base 16
2b6bd
-40002232 (base 5) to base 13
-ac4cb
Convert 12c6016 (base 13) to base 2.
10110100110100111010000
-c6321a (base 14) to base 4
-121202002220
85537 (base 11) to base 13
44835
What is -7568 (base 11) in base 2?
-10011100001100
What is -5274534 (base 8) in base 2?
-101010111100101011100
-605016 (base 8) to base 16
-30a0e
Convert 4a56 (base 12) to base 11.
6363
-256142 (base 7) to base 4
-23222030
36dac (base 15) to base 4
222301230
Convert -1075835 (base 10) to base 16.
-106a7b
What is -4930680 (base 10) in base 11?
-2868547
319583 (base 11) to base 3
221221020021
What is 21255040 (base 7) in base 9?
3361651
What is 111514600 (base 7) in base 15?
8e30ea
What is -20201000122 (base 3) in base 11?
-9016a
9713f (base 16) to base 6
21132515
Convert -882000 (base 11) to base 7.
-14653351
Convert 418513 (base 9) to base 14.
66a62
-1043342243 (base 5) to base 10
-2324698
Convert -27323722 (base 8) to base 15.
-813925
Convert bc890a (base 13) to base 16.
43d76e
-111110001011110001100101 (base 2) to base 13
-34b9972
What is -2703207 (base 10) in base 9?
-5070083
2374 (base 15) to base 10
7534
76291 (base 14) to base 11
185885
Convert -4364a8 (base 12) to base 10.
-1068608
-41344314 (base 5) to base 3
-122022012020
Convert -1526003 (base 7) to base 11.
-132759
What is -141340255 (base 6) in base 5?
-1213442020
What is -22491 (base 15) in base 14?
-2ba44
What is 3c517 (base 14) in base 12?
723b5
Convert -20220202102 (base 3) to base 14.
-37889
Convert -1215804 (base 9) to base 15.
-d0a17
Convert -8090505 (base 10) to base 8.
-36671611
What is -24102144 (base 5) in base 10?
-222174
120012022201 (base 3) to base 11
194812
What is -526324 (base 7) in base 11?
-62462
What is 54112031 (base 6) in base 9?
3002051
What is -10001110010001010 (base 2) in base 3?
-10200220212
Convert 10263b9 (base 14) to base 12.
2677967
3223122303 (base 4) to base 15
140aa0
8363 (base 14) to base 4
11201203
1100011011000011011 (base 2) to base 4
1203120123
What is -322f9 (base 16) in base 5?
-23034221
3f8305 (base 16) to base 9
7743547
What is 2185488 (base 11) in base 6?
214020412
-524b807 (base 12) to base 7
-246002665
What is 14200423 (base 5) in base 11?
a0486
What is -8ed3b2 (base 15) in base 10?
-6828467
What is -2500026 (base 7) in base 12?
-134989
95393 (base 15) to base 3
220001021010
-945509 (base 10) to base 4
-3212311211
Convert b08859 (base 12) to base 16.
29fec5
What is 24519ab (base 14) in base 4?
1002121302003
158964a (base 12) to base 9
8264734
What is 175612 (base 9) in base 13?
3a889
1406570 (base 8) to base 3
202011010021
Convert -1950a73 (base 11) to base 15.
-4516b0
Convert -13020055 (base 7) to base 15.
-185057
-220210000220 (base 3) to base 2
-1110111000100101101
What is 20097d (base 15) in base 7?
15633043
8386 (base 12) to base 5
424413
What is -299859 (base 15) in base 6?
-111001550
54995 (base 12) to base 6
2222305
Convert 173216 (base 8) to base 4.
33122032
89749 (base 11) to base 16
1fbd7
What is 146cc (base 14) in base 5?
3110443
-57a13 (base 11) to base 9
-136781
Convert -142dd1 (base 14) to base 2.
-10101010110100111011
What is 14130220 (base 6) in base 10?
478308
777744 (base 9) to base 2
1110001100001010100
Convert 143608 (base 9) to base 8.
253646
35c5b (base 15) to base 5
20442121
What is -12aa083 (base 13) in base 16?
-59ad5a
Convert 385b79 (base 16) to base 14.
6c2009
What is 231130230 (base 4) in base 12?
8b890
What is -2500024 (base 8) in base 6?
-22425512
-60b220 (base 13) to base 16
-225e01
Convert 63463 (base 14) to base 8.
723757
-a0382 (base 12) to base 10
-207890
Convert -3203011230 (base 4) to base 5.
-214231111
What is 8271963 (base 10) in base 12?
292b023
What is -94760a (base 14) in base 5?
-2240430344
4600730 (base 8) to base 15
19913b
What is -1350125 (base 8) in base 4?
-1131001111
-201133322 (base 4) to base 3
-20222012212
Convert 1b0e29 (base 16) to base 3.
10100002020021
-141120330 (base 5) to base 8
-2604417
Convert 103355305 (base 6) to base 14.
3625a9
Convert 101111110110100111011 (base 2) to base 12.
637537
What is 1405045 (base 6) in base 14?
20a57
Convert 21185 (base 12) to base 13.
16a0c
What is 111010000000111111 (base 2) in base 8?
720077
145954 (base 11) to base 10
227418
Convert -4843875 (base 9) to base 13.
-70cb23
-214034121 (base 6) to base 11
-2186a88
What is -266007 (base 9) in base 10?
-161845
What is -2286318 (base 10) in base 12?
-923126
2a344 (base 13) to base 12
3a11b
Convert 1296283 (base 10) to base 6.
43441151
What is -86424 (base 11) in base 7?
-1032152
88673 (base 12) to base 13
64302
Convert 20120120211201 (base 3) to base 15.
490a44
-3113434 (base 5) to base 16
-c7af
Convert 3215101 (base 6) to base 4.
212203231
What is -223233211 (base 4) in base 13?
-63727
110000001111011111 (base 2) to base 9
331044
What is 22143001 (base 5) in base 12?
93b91
What is -5b828 (base 13) in base 7?
-1300561
-12020100022010 (base 3) to base 6
-135344003
Convert -e0805b (base 15) to base 14.
-15b633a
49d6a (base 16) to base 7
2366520
What is 3590aa8 (base 11) in base 14?
b8ab35
59b95 (base 15) to base 8
1056643
What is 2033421 (base 6) in base 4?
113323111
What is -184582 (base 14) in base 3?
-1121112212222
Convert 123113111 (base 4) to base 7.
644531
What is -10300230121 (base 4) in base 14?
-246b69
What is 32043322 (base 6) in base 7?
10660553
-5a016 (base 16) to base 2
-1011010000000010110
Convert -4073210 (base 9) to base 4.
-20102301201
What is 5524211 (base 7) in base 13?
1a9b1c
What is -142443113 (base 6) in base 11?
-1721101
212202202122 (base 3) to base 12
1a68b2
What is -1504518 (base 9) in base 6?
-25442412
4c1767 (base 13) to base 11
1040a31
Convert 10101000100000010110001 (base 2) to base 6.
314202521
18c2a (base 13) to base 7
260346
10001011011101010010110 (base 2) to base 6
241540130
Convert 220210100012 (base 3) to base 9.
823305
Convert -308091 (base 16) to base 7.
-36006114
What is 1534089 (base 11) in base 16?
281270
Convert -122310030030 (base 4) to base 9.
-14203613
Convert -114650 (base 10) to base 12.
-56422
Convert 61226 (base 12) to base 14.
34130
137573 (base 9) to base 7
500535
-12011000011222 (base 3) to base 8
-12337707
What is 73a17 (base 13) in base 14?
55c56
Convert 110010111011000010101 (base 2) to base 13.
465671
What is 1039bf (base 16) in base 8?
4034677
What is -302030123 (base 4) in base 7?
-1514255
Convert -50571 (base 9) to base 4.
-20013322
What is 240214403 (base 5) in base 10?
1101228
Convert 30022203 (base 4) to base 5.
3043302
Convert 2ba5c67 (base 13) to base 2.
110101100010111001000101
-2950676 (base 10) to base 13
-7c4081
-121243 (base 8) to base 3
-2010010001
Convert c9578 (base 13) to base 12.
1563b5
Convert 1011100010100110110 (base 2) to base 15.
770b1
What is -821d (base 14) in base 8?
-53543
-2d8d3 (base 16) to base 9
-313840
What is -31303400 (base 7) in base 3?
-11222010021222
-2313794 (base 10) to base 11
-134042a
-3d72c4 (base 14) to base 8
-10105254
What is -1002121202021 (base 3) in base 15?
-b7b2d
What is -111031102020 (base 4) in base 11?
-315797a
1028482 (base 9) to base 2
10000110011110001001
What is -563605 (base 7) in base 4?
-120112321
125131014 (base 6) to base 3
11200020022101
10110